What is the units digit of v(t)?
0
Suppose -r + 0*r + 2 = 0, 4*r = -a - 32. Let d = a - -103. Suppose 0 = z - 0*q + 2*q - d, 0 = -q + 3. What is the tens digit of z?
5
Suppose 400*f + 3125 = 401*f + 2*h, -2*h + 6256 = 2*f. What is the tens digit of f?
3
What is the tens digit of 2/(-29) + 16858590/290?
3
Let a = -36905 - -112757. What is the tens digit of a?
5
Let w = -21821 - -31712. What is the units digit of w?
1
Let x = -4 + 9. Let w(i) = -i**2 + 6*i - 5. Let v be w(x). Suppose -8*t + 7*t + 6 = v. What is the units digit of t?
6
Let z = 419 + -432. What is the units digit of (-2)/z - (-184426)/286?
5
Suppose -2*r = 2*x - 440, -3*r + 900 = 4*x - 4*r. Suppose -2*w + w + 5*i + x = 0, -w + 194 = 5*i. What is the units digit of w?
9
Let u = -859 - -262. Let c = 170 - u. What is the units digit of c?
7
Let p = -29 - -32. Suppose 4*k - 10 = 2*x, k + k + x = p. Suppose 2*v - 86 = 2*i - 4, 3*v - k*i = 124. What is the tens digit of v?
4
Suppose -5*g = -3*q - 218859, -85*q + 43743 = g - 82*q. What is the ten thousands digit of g?
4
Let p(w) = w**3 - 11*w**2 + 5. Suppose -3*c + 7 = -26. Let u be p(c). Suppose u*j + 197 - 582 = 0. What is the tens digit of j?
7
Suppose 51*z + 720 = 36*z. What is the tens digit of (-9112)/z + -3 - (-2)/12?
8
Suppose 4*t + 57466 = 2*v, -5*v + 36*t + 143691 = 39*t. What is the thousands digit of v?
8
Suppose -123*z + 1194350 + 2714797 = -2*z. What is the hundreds digit of z?
3
Suppose 4*t - 344 - 1084 = 2*f, 0 = t + 3. Let x = f + 1492. What is the units digit of x?
2
Let p = -1277 - -1793. Suppose -3*o + 201 = -p. What is the hundreds digit of o?
2
Let m(d) = -d**2 + 7*d + 6. Let a be m(7). What is the units digit of (-164 + 0)/(-3*1/a)?
8
Suppose -3*b + 2*a - 26 = 72, 2*a = -b - 46. What is the units digit of 6850/(-15)*b/30?
8
Let d(c) = c**3 - 18*c**2 - 2. Let n be ((-6)/(-2))/(1/6). Let y be d(n). What is the hundreds digit of (-4277)/(-28) + ((-21)/12 - y)?
1
Let c(j) = 217*j**3 + j**2 - 43*j + 113. What is the hundreds digit of c(3)?
8
Let w(z) be the second derivative of z**4/12 - 2*z**3/3 + z**2 + 13*z. Let k be w(4). Suppose 2*m + 31 = o - 67, -k*o + 217 = 3*m. What is the units digit of o?
4
Suppose 3*j - 2*j = 0. Suppose 108 = -j*c - 3*c. Let m = c - -121. What is the units digit of m?
5
Let w(a) = 24*a**2 - 73*a + 117. What is the thousands digit of w(14)?
3
Suppose 8 + 38 = 23*b. What is the units digit of b - 9/3*146/(-6)?
5
Let j(u) be the third derivative of u**5/30 + u**4/4 + u**3/3 + 2*u**2. Let a be ((-4)/(-10) + 72/(-80))*(-8 - -20). What is the tens digit of j(a)?
3
Let s(r) = 27*r**2 - 3*r + 2. Let l be s(2). Suppose 96*k - 21 = 89*k. Suppose -64 - l = -k*w. What is the units digit of w?
6
Let z = -167 - -450. Suppose 21 - z = -a. What is the hundreds digit of a?
2
Let m(o) = 2*o**3 - 4*o**2 - 40*o + 22. What is the hundreds digit of m(10)?
2
Let m(y) = -y**3 + 6*y**2 - 4*y + 5. Let n be m(4). Let p(q) = -n*q**2 + 10*q**2 + 14*q**2 - 4*q - 4. What is the tens digit of p(-4)?
6
Let v(w) = w**3 + 3*w**2 - w - 1. Let t be v(-3). Suppose 5*q - 8 = t. Suppose q*f = 45 + 31. What is the units digit of f?
8
Suppose 37*d = 41*d - 840. Suppose 2*l + x - d = 0, 8*l - 4*l - 400 = 3*x. What is the tens digit of l?
0
Let q(u) = 15*u**2 + 6*u - 28. Let f be q(3). Suppose -7*t = -2*t - f. What is the units digit of t?
5
Suppose 21*f - 57*f + 426968 = 40*f. What is the hundreds digit of f?
6
Let u = 241 - 242. What is the hundreds digit of 1/(1/526) + (u - 1)?
5
Let n = 26 + -19. Suppose -v + 640 = n*v. What is the tens digit of v/(-20)*(-23)/2?
4
Let w = 44317 - 31921. What is the units digit of w?
6
Suppose 3*h + 3 = 2*j - 10, 5*h + 11 = -2*j. Let i be (-1 + h - -3) + 831. Suppose i = 33*r - 28*r. What is the units digit of r?
6
Suppose -2*z + 165 - 531 = 0. Let a(k) = k**3 - 16*k**2 + 59*k - 54. Let s be a(10). Let n = s - z. What is the units digit of n?
9
Let c(b) = 18*b - 51. Let w be c(7). Let m = w - -138. What is the hundreds digit of m?
2
Suppose 42 - 10 = -4*d. Let r(p) = p**3 + 7*p**2 - 10*p - 4. Let q be r(d). Suppose -23 = -5*k + q. What is the units digit of k?
7
Let z(j) = 956*j - 33. Let v be z(7). Suppose -8*c - 1859 = -v. What is the hundreds digit of c?
6
Let b(o) = -137*o + 854. What is the units digit of b(-49)?
7
Let b(l) = -l**3 + 13*l**2 + 5*l - 14. Let d = -44 + 49. Suppose 2*f - 2 = -s, 0*s + 4*f = d*s - 80. What is the tens digit of b(s)?
9
Suppose 4236*o - 201710 = 4231*o. What is the hundreds digit of o?
3
Let g(c) = -4056*c**3 - 7*c**2 + 2*c + 10. What is the tens digit of g(-1)?
5
Suppose -2*c + 0*c + 3*a = 8, -4*a + 6 = -2*c. What is the units digit of (11*267)/3 - (11 + c)?
5
Suppose 34164 = -11*f + 20*f. Suppose 6*x - 3*x = -2*o + 2289, -5*x + 3*o + f = 0. Suppose 5*j = h + h + 1263, -x = -3*j + 2*h. What is the units digit of j?
1
Let a(q) = -682*q**3 - 5*q**2 - 7*q - 42. What is the tens digit of a(-3)?
4
Suppose 25*f + 9*f + 6732 = 0. What is the hundreds digit of (-22)/f + (-3716)/(-9)?
4
Suppose 10*n = 5*n + 25. Suppose 0 = n*t, 0 = -0*c + c + t - 6. Let p(l) = 7*l + 33. What is the tens digit of p(c)?
7
Suppose 13*z - 21 - 57 = 0. Let p be ((0*(-2)/z)/2)/2. Suppose p = -2*y - t - 3*t + 162, 0 = -5*t + 5. What is the tens digit of y?
7
Let y(d) be the first derivative of 14*d**2 + 59*d - 6. What is the tens digit of y(8)?
8
Let g(y) be the third derivative of -y**5/60 - y**4/24 + 23*y**3/6 + 29*y**2 - 2. What is the tens digit of g(0)?
2
Let g(w) be the third derivative of w**5/60 + 13*w**4/24 - 2*w**3 - 9*w**2. Let t be g(-14). What is the units digit of ((-61)/t)/((-2)/4)?
1
Let u be (-1 + 2)/(9 - 605/66). What is the tens digit of 1/u + 3043/6?
0
Let o be (-1)/((-2 + (-112772)/(-56384))*-2). Suppose -o = -48*w - 232. What is the tens digit of w?
4
Suppose -2*y = -2*a + 40048, 1154*y - 100144 = -5*a + 1155*y. What is the hundreds digit of a?
0
Suppose 2*o - 232 = -238. Let u = -8 - -11. What is the tens digit of o/(u/(-15)*45/186)?
6
Let z be 6 + -1 - 3/3*390. Let p = z + 843. What is the hundreds digit of p?
4
Suppose -14 = -7*i - 0*i. Let r be i + 4*1/4 + 0. What is the units digit of (r - -1)/(-5 + (-87)/(-17))?
4
Let x be 1/(1*-3*(-1)/(-3)). Let i be -206*(x*3 + (-14)/(-4)). Let w = i + 230. What is the hundreds digit of w?
1
What is the tens digit of 4*60/24 - -1082?
9
Let l(i) = -89 - 82 + 2*i + 2*i**2 + 219 + 2*i. What is the units digit of l(16)?
4
Let h be (-1 - 7)*(129/6 - 2). Let n = h - -1. Let x = 262 + n. What is the units digit of x?
7
Let t(a) = 11*a**2 + 2*a + 5. Let v be t(-2). What is the units digit of (-42)/(3/v*-3)*2?
0
Let u(n) = -159*n - 259. What is the hundreds digit of u(-12)?
6
Suppose 3*a - 9 = 15. Suppose 0 = 3*n + z - 134, 3*z + 90 = -4*n + 262. Suppose -a*u = -n - 1050. What is the units digit of u?
7
Suppose -4*n = 5*o + 221 + 263, 0 = -5*o + 3*n - 512. Let f be 2 + -6 - 1881/33. Let j = f - o. What is the tens digit of j?
3
Let z(u) be the second derivative of -77*u**3/6 + 33*u**2/2 - 24*u. What is the tens digit of z(-5)?
1
Let y be ((-1)/2)/((0 + -4)/648). Suppose -77*l = -y*l + 2760. What is the tens digit of l?
9
Let h = -1713 - -5378. What is the hundreds digit of h?
6
Let q = 17 - 17. Suppose -5*p - 20 = -q*y - 3*y, -5*y = 3*p - 56. Let k = 73 - y. What is the tens digit of k?
6
Let v = 10 - 12. Suppose 0 = 3*a - 74 - 118. What is the units digit of 13 + -9 + v + a?
6
Let b = -11580 - -62231. What is the thousands digit of b?
0
Let y be (-1*22)/(18/(-27)). Let z be 1 - -1 - (2 - 0). Suppose -29*s + y*s - 144 = z. What is the tens digit of s?
3
Suppose -5*h + 0 = -5*z - 5, 4*z - 12 = -4*h. Suppose -o = 2*o - h*p - 11, 2*o + 14 = -4*p. What is the tens digit of 57/o + 5 + -4?
5
Suppose 28*z - 23*z - 500 = 0. Let j = z + 6. What is the units digit of j?
6
Let l = -51322 + 106797. What is the ten thousands digit of l?
5
Let q = 495 + -251. Suppose -5*i = 149*o - 145*o - 6, 4*i - 3*o - 11 = 0. Suppose i*l - y + 5*y - q = 0, 0 = 5*y + 20. What is the hundreds digit of l?
1
Suppose -6 = y - 5. Let z be -5*(y - -2) + 4. What is the tens digit of -3 - -1*(44 + z)?
4
Let h(o) = -o**3 - 86*o**2 + 826*o - 421. What is the units digit of h(-99)?
8
Suppose -288 = -5*r - 2*q, 33*q - 36*q = r - 55. What is the units digit of r?
8
Suppose 5*q = 